{"id":252,"date":"2025-11-11T10:44:26","date_gmt":"2025-11-11T10:44:26","guid":{"rendered":"https:\/\/ihly.net\/wahlen2026\/services\/"},"modified":"2025-11-11T10:44:48","modified_gmt":"2025-11-11T10:44:48","slug":"services","status":"publish","type":"page","link":"https:\/\/ihly.net\/wahlen2026\/services\/","title":{"rendered":"Services"},"content":{"rendered":"\n<div class=\"wp-block-uagb-container uagb-block-e5972208 alignfull uagb-is-root-container\"><div class=\"uagb-container-inner-blocks-wrap\">\n<div class=\"wp-block-uagb-advanced-heading uagb-block-b371cc12\"><p class=\"uagb-desc-text\">Unsere Dienstleistungen<\/p><h1 class=\"uagb-heading-text\">Innovative L\u00f6sungen f\u00fcr nachhaltige Energie<\/h1><\/div>\n<\/div><\/div>\n\n\n\n<div class=\"wp-block-uagb-container uagb-block-edca4a69 alignfull uagb-is-root-container\"><div class=\"uagb-container-inner-blocks-wrap\">\n<div class=\"wp-block-uagb-container uagb-layout-grid uagb-block-53eeea40\">\n<div class=\"wp-block-uagb-container uagb-block-66ce8d2d\">\n<div class=\"wp-block-uagb-info-box uagb-block-68e6db93 uagb-infobox__content-wrap  uagb-infobox-icon-above-title uagb-infobox-image-valign-top\"><div class=\"uagb-ifb-content\"><div class=\"uagb-ifb-title-wrap\"><span class=\"uagb-ifb-title-prefix\">01.<\/span><h2 class=\"uagb-ifb-title\">Energieberatung<\/h2><\/div><p class=\"uagb-ifb-desc\">Wir bieten umfassende Energieberatung, um Unternehmen und Haushalten zu helfen, nachhaltige L\u00f6sungen zu finden. Unsere Expertisen erm\u00f6glichen es, fossile Energiequellen zu reduzieren und einen umweltfreundlichen \u00dcbergang zu realisieren.<\/p><\/div><\/div>\n<\/div>\n\n\n\n<div class=\"wp-block-uagb-image uagb-block-185affb3 wp-block-uagb-image--layout-default wp-block-uagb-image--effect-static wp-block-uagb-image--align-none\"><figure class=\"wp-block-uagb-image__figure\"><img decoding=\"async\" srcset=\"https:\/\/ihly.net\/wahlen2026\/wp-content\/uploads\/2025\/11\/pexels-photo-10390893.jpeg ,https:\/\/ihly.net\/wahlen2026\/wp-content\/uploads\/2025\/11\/pexels-photo-10390893.jpeg 780w, https:\/\/ihly.net\/wahlen2026\/wp-content\/uploads\/2025\/11\/pexels-photo-10390893.jpeg 360w\" sizes=\"auto, (max-width: 480px) 150px\" src=\"https:\/\/ihly.net\/wahlen2026\/wp-content\/uploads\/2025\/11\/pexels-photo-10390893.jpeg\" alt=\"Detailed view of solar panels capturing sunlight, promoting renewable energy.\" class=\"uag-image-11\" width=\"600\" height=\"400\" title=\"services-01\" loading=\"lazy\" role=\"img\"\/><\/figure><\/div>\n<\/div>\n\n\n\n<div class=\"wp-block-uagb-container uagb-layout-grid uagb-block-b255260d\">\n<div class=\"wp-block-uagb-image uagb-block-b86a27d4 wp-block-uagb-image--layout-default wp-block-uagb-image--effect-static wp-block-uagb-image--align-none\"><figure class=\"wp-block-uagb-image__figure\"><img decoding=\"async\" srcset=\"https:\/\/ihly.net\/wahlen2026\/wp-content\/uploads\/2025\/11\/pexels-photo-30905302.jpeg ,https:\/\/ihly.net\/wahlen2026\/wp-content\/uploads\/2025\/11\/pexels-photo-30905302.jpeg 780w, https:\/\/ihly.net\/wahlen2026\/wp-content\/uploads\/2025\/11\/pexels-photo-30905302.jpeg 360w\" sizes=\"auto, (max-width: 480px) 150px\" src=\"https:\/\/ihly.net\/wahlen2026\/wp-content\/uploads\/2025\/11\/pexels-photo-30905302.jpeg\" alt=\"A powerful dam spillway amidst mountain forests in the United States.\" class=\"uag-image-12\" width=\"600\" height=\"400\" title=\"services-02\" loading=\"lazy\" role=\"img\"\/><\/figure><\/div>\n\n\n\n<div class=\"wp-block-uagb-container uagb-block-06f958a5\">\n<div class=\"wp-block-uagb-info-box uagb-block-eda0d834 uagb-infobox__content-wrap  uagb-infobox-icon-above-title uagb-infobox-image-valign-top\"><div class=\"uagb-ifb-content\"><div class=\"uagb-ifb-title-wrap\"><span class=\"uagb-ifb-title-prefix\">02.<\/span><h2 class=\"uagb-ifb-title\">Technologische Entwicklung<\/h2><\/div><p class=\"uagb-ifb-desc\">Durch technologischen Fortschritt entwickeln wir innovative Systeme, die eine dezentrale und nachhaltige Energieversorgung f\u00f6rdern. Unser Ziel ist es, Technologien zu schaffen, die den Umstieg auf erneuerbare Energiequellen unterst\u00fctzen und die Effizienz steigern.<\/p><\/div><\/div>\n<\/div>\n<\/div>\n\n\n\n<div class=\"wp-block-uagb-container uagb-layout-grid uagb-block-13bfb87f\">\n<div class=\"wp-block-uagb-container uagb-block-698e6038\">\n<div class=\"wp-block-uagb-info-box uagb-block-54640af0 uagb-infobox__content-wrap  uagb-infobox-icon-above-title uagb-infobox-image-valign-top\"><div class=\"uagb-ifb-content\"><div class=\"uagb-ifb-title-wrap\"><span class=\"uagb-ifb-title-prefix\">03.<\/span><h2 class=\"uagb-ifb-title\">\u00d6ffentliche Sensibilisierung<\/h2><\/div><p class=\"uagb-ifb-desc\">Wir organisieren Informationsveranstaltungen und Workshops, um das Bewusstsein f\u00fcr den Klimaschutz zu st\u00e4rken. Dabei informieren wir die \u00d6ffentlichkeit \u00fcber die Vorteile nachhaltiger Energien und motivieren zur aktiven Teilnahme am Klimaschutz.<\/p><\/div><\/div>\n<\/div>\n\n\n\n<div class=\"wp-block-uagb-image uagb-block-945a1bf4 wp-block-uagb-image--layout-default wp-block-uagb-image--effect-static wp-block-uagb-image--align-none\"><figure class=\"wp-block-uagb-image__figure\"><img decoding=\"async\" srcset=\"https:\/\/ihly.net\/wahlen2026\/wp-content\/uploads\/2025\/11\/pexels-photo-32978376.jpeg ,https:\/\/ihly.net\/wahlen2026\/wp-content\/uploads\/2025\/11\/pexels-photo-32978376.jpeg 780w, https:\/\/ihly.net\/wahlen2026\/wp-content\/uploads\/2025\/11\/pexels-photo-32978376.jpeg 360w\" sizes=\"auto, (max-width: 480px) 150px\" src=\"https:\/\/ihly.net\/wahlen2026\/wp-content\/uploads\/2025\/11\/pexels-photo-32978376.jpeg\" alt=\"A scenic view of a wind turbine amidst a sunflower field under a bright blue sky in Silivri, \u0130stanbul, T\u00fcrkiye.\" class=\"uag-image-13\" width=\"600\" height=\"400\" title=\"services-03\" loading=\"lazy\" role=\"img\"\/><\/figure><\/div>\n<\/div>\n\n\n\n<div class=\"wp-block-uagb-container uagb-layout-grid uagb-block-98083caf\">\n<div class=\"wp-block-uagb-image uagb-block-8b2a76cc wp-block-uagb-image--layout-default wp-block-uagb-image--effect-static wp-block-uagb-image--align-none\"><figure class=\"wp-block-uagb-image__figure\"><img decoding=\"async\" srcset=\"https:\/\/ihly.net\/wahlen2026\/wp-content\/uploads\/2025\/11\/pexels-photo-33661086.jpeg ,https:\/\/ihly.net\/wahlen2026\/wp-content\/uploads\/2025\/11\/pexels-photo-33661086.jpeg 780w, https:\/\/ihly.net\/wahlen2026\/wp-content\/uploads\/2025\/11\/pexels-photo-33661086.jpeg 360w\" sizes=\"auto, (max-width: 480px) 150px\" src=\"https:\/\/ihly.net\/wahlen2026\/wp-content\/uploads\/2025\/11\/pexels-photo-33661086.jpeg\" alt=\"Electric car charging station with renewable energy wind turbines in a modern outdoor setting.\" class=\"uag-image-14\" width=\"600\" height=\"400\" title=\"services-04\" loading=\"lazy\" role=\"img\"\/><\/figure><\/div>\n\n\n\n<div class=\"wp-block-uagb-container uagb-block-9627d3ce\">\n<div class=\"wp-block-uagb-info-box uagb-block-d2e51d04 uagb-infobox__content-wrap  uagb-infobox-icon-above-title uagb-infobox-image-valign-top\"><div class=\"uagb-ifb-content\"><div class=\"uagb-ifb-title-wrap\"><span class=\"uagb-ifb-title-prefix\">04.<\/span><h2 class=\"uagb-ifb-title\">Netzwerk-Kooperation<\/h2><\/div><p class=\"uagb-ifb-desc\">Wir f\u00f6rdern Kooperationen zwischen unterschiedlichen Akteuren im Energiebereich, um Synergien zu nutzen. Durch ein starkes Netzwerk unterst\u00fctzen wir den Austausch von Ideen und L\u00f6sungen, die zu einer umweltfreundlicheren Energiezukunft f\u00fchren.<\/p><\/div><\/div>\n<\/div>\n<\/div>\n<\/div><\/div>\n\n\n\n<div class=\"wp-block-uagb-container uagb-block-353480fd alignfull uagb-is-root-container\"><div class=\"uagb-container-inner-blocks-wrap\">\n<div class=\"wp-block-uagb-info-box uagb-block-289af9f9 uagb-infobox__content-wrap  uagb-infobox-icon-above-title uagb-infobox-image-valign-top\"><div class=\"uagb-ifb-content\"><div class=\"uagb-ifb-title-wrap\"><h2 class=\"uagb-ifb-title\">Machen Sie mit uns einen Unterschied!<\/h2><\/div><p class=\"uagb-ifb-desc\">Ihre Unterst\u00fctzung ist entscheidend f\u00fcr eine nachhaltige Zukunft im Kanton Bern. Engagieren Sie sich jetzt.<\/p><div class=\"uagb-ifb-button-wrapper wp-block-button\"><a href=\"\/contact\/\" class=\"uagb-infobox-cta-link wp-block-button__link\" target=\"_self\" rel=\"noopener noreferrer\" onclick=\"return true;\" alt=\"\"><span class=\"uagb-inline-editing\">Jetzt Unterst\u00fctzen<\/span><\/a><\/div><\/div><\/div>\n<\/div><\/div>\n","protected":false},"excerpt":{"rendered":"<p>Unsere Dienstleistungen Innovative L\u00f6sungen f\u00fcr nachhaltige Energie<\/p>\n","protected":false},"author":1,"featured_media":0,"parent":0,"menu_order":0,"comment_status":"closed","ping_status":"closed","template":"","meta":{"_uag_custom_page_level_css":"","site-sidebar-layout":"default","site-content-layout":"","ast-site-content-layout":"default","site-content-style":"default","site-sidebar-style":"default","ast-global-header-display":"","ast-banner-title-visibility":"","ast-main-header-display":"","ast-hfb-above-header-display":"","ast-hfb-below-header-display":"","ast-hfb-mobile-header-display":"","site-post-title":"disabled","ast-breadcrumbs-content":"","ast-featured-img":"","footer-sml-layout":"","theme-transparent-header-meta":"","adv-header-id-meta":"","stick-header-meta":"","header-above-stick-meta":"","header-main-stick-meta":"","header-below-stick-meta":"","astra-migrate-meta-layouts":"default","ast-page-background-enabled":"default","ast-page-background-meta":{"desktop":{"background-color":"var(--ast-global-color-4)","background-image":"","background-repeat":"repeat","background-position":"center center","background-size":"auto","background-attachment":"scroll","background-type":"","background-media":"","overlay-type":"","overlay-color":"","overlay-opacity":"","overlay-gradient":""},"tablet":{"background-color":"","background-image":"","background-repeat":"repeat","background-position":"center center","background-size":"auto","background-attachment":"scroll","background-type":"","background-media":"","overlay-type":"","overlay-color":"","overlay-opacity":"","overlay-gradient":""},"mobile":{"background-color":"","background-image":"","background-repeat":"repeat","background-position":"center center","background-size":"auto","background-attachment":"scroll","background-type":"","background-media":"","overlay-type":"","overlay-color":"","overlay-opacity":"","overlay-gradient":""}},"ast-content-background-meta":{"desktop":{"background-color":"var(--ast-global-color-5)","background-image":"","background-repeat":"repeat","background-position":"center center","background-size":"auto","background-attachment":"scroll","background-type":"","background-media":"","overlay-type":"","overlay-color":"","overlay-opacity":"","overlay-gradient":""},"tablet":{"background-color":"var(--ast-global-color-5)","background-image":"","background-repeat":"repeat","background-position":"center center","background-size":"auto","background-attachment":"scroll","background-type":"","background-media":"","overlay-type":"","overlay-color":"","overlay-opacity":"","overlay-gradient":""},"mobile":{"background-color":"var(--ast-global-color-5)","background-image":"","background-repeat":"repeat","background-position":"center center","background-size":"auto","background-attachment":"scroll","background-type":"","background-media":"","overlay-type":"","overlay-color":"","overlay-opacity":"","overlay-gradient":""}},"footnotes":""},"class_list":["post-252","page","type-page","status-publish","hentry"],"uagb_featured_image_src":{"full":false,"thumbnail":false,"medium":false,"medium_large":false,"large":false,"1536x1536":false,"2048x2048":false},"uagb_author_info":{"display_name":"admin","author_link":"https:\/\/ihly.net\/wahlen2026\/author\/admin\/"},"uagb_comment_info":0,"uagb_excerpt":"Unsere Dienstleistungen Innovative L\u00f6sungen f\u00fcr nachhaltige Energie","_links":{"self":[{"href":"https:\/\/ihly.net\/wahlen2026\/wp-json\/wp\/v2\/pages\/252","targetHints":{"allow":["GET"]}}],"collection":[{"href":"https:\/\/ihly.net\/wahlen2026\/wp-json\/wp\/v2\/pages"}],"about":[{"href":"https:\/\/ihly.net\/wahlen2026\/wp-json\/wp\/v2\/types\/page"}],"author":[{"embeddable":true,"href":"https:\/\/ihly.net\/wahlen2026\/wp-json\/wp\/v2\/users\/1"}],"replies":[{"embeddable":true,"href":"https:\/\/ihly.net\/wahlen2026\/wp-json\/wp\/v2\/comments?post=252"}],"version-history":[{"count":3,"href":"https:\/\/ihly.net\/wahlen2026\/wp-json\/wp\/v2\/pages\/252\/revisions"}],"predecessor-version":[{"id":300,"href":"https:\/\/ihly.net\/wahlen2026\/wp-json\/wp\/v2\/pages\/252\/revisions\/300"}],"wp:attachment":[{"href":"https:\/\/ihly.net\/wahlen2026\/wp-json\/wp\/v2\/media?parent=252"}],"curies":[{"name":"wp","href":"https:\/\/api.w.org\/{rel}","templated":true}]}}